{"id":658,"date":"2020-05-22T15:00:57","date_gmt":"2020-05-22T15:00:57","guid":{"rendered":"http:\/\/localhost\/consulado\/?page_id=658"},"modified":"2020-06-26T12:14:27","modified_gmt":"2020-06-26T12:14:27","slug":"registrarse-en-el-saime","status":"publish","type":"page","link":"https:\/\/consuladodevenezuelaenmadrid.com\/index.php\/registrarse-en-el-saime\/","title":{"rendered":"REGISTRARSE EN EL SAIME"},"content":{"rendered":"\t\t<div data-elementor-type=\"wp-page\" data-elementor-id=\"658\" class=\"elementor elementor-658\">\n\t\t\t\t\t\t<section class=\"elementor-section elementor-top-section elementor-element elementor-element-c4b3f6b elementor-section-boxed elementor-section-height-default elementor-section-height-default\" data-id=\"c4b3f6b\" data-element_type=\"section\" data-e-type=\"section\">\n\t\t\t\t\t\t<div class=\"elementor-container elementor-column-gap-default\">\n\t\t\t\t\t<div class=\"elementor-column elementor-col-100 elementor-top-column elementor-element elementor-element-4fbc22b\" data-id=\"4fbc22b\" data-element_type=\"column\" data-e-type=\"column\">\n\t\t\t<div class=\"elementor-widget-wrap elementor-element-populated\">\n\t\t\t\t\t\t<div class=\"elementor-element elementor-element-a3304ca elementor-widget elementor-widget-spacer\" data-id=\"a3304ca\" data-element_type=\"widget\" data-e-type=\"widget\" data-widget_type=\"spacer.default\">\n\t\t\t\t<div class=\"elementor-widget-container\">\n\t\t\t\t\t\t\t<div class=\"elementor-spacer\">\n\t\t\t<div class=\"elementor-spacer-inner\"><\/div>\n\t\t<\/div>\n\t\t\t\t\t\t<\/div>\n\t\t\t\t<\/div>\n\t\t\t\t<div class=\"elementor-element elementor-element-b8c6a5f elementor-widget elementor-widget-heading\" data-id=\"b8c6a5f\" data-element_type=\"widget\" data-e-type=\"widget\" data-widget_type=\"heading.default\">\n\t\t\t\t<div class=\"elementor-widget-container\">\n\t\t\t\t\t<h2 class=\"elementor-heading-title elementor-size-default\">REGISTRO SAIME<\/h2>\t\t\t\t<\/div>\n\t\t\t\t<\/div>\n\t\t\t\t\t<\/div>\n\t\t<\/div>\n\t\t\t\t\t<\/div>\n\t\t<\/section>\n\t\t\t\t<section class=\"elementor-section elementor-top-section elementor-element elementor-element-93b82c3 elementor-section-boxed elementor-section-height-default elementor-section-height-default\" data-id=\"93b82c3\" data-element_type=\"section\" data-e-type=\"section\">\n\t\t\t\t\t\t<div class=\"elementor-container elementor-column-gap-default\">\n\t\t\t\t\t<div class=\"elementor-column elementor-col-100 elementor-top-column elementor-element elementor-element-3bf529c\" data-id=\"3bf529c\" data-element_type=\"column\" data-e-type=\"column\">\n\t\t\t<div class=\"elementor-widget-wrap elementor-element-populated\">\n\t\t\t\t\t\t<div class=\"elementor-element elementor-element-77ae140 elementor-widget elementor-widget-spacer\" data-id=\"77ae140\" data-element_type=\"widget\" data-e-type=\"widget\" data-widget_type=\"spacer.default\">\n\t\t\t\t<div class=\"elementor-widget-container\">\n\t\t\t\t\t\t\t<div class=\"elementor-spacer\">\n\t\t\t<div class=\"elementor-spacer-inner\"><\/div>\n\t\t<\/div>\n\t\t\t\t\t\t<\/div>\n\t\t\t\t<\/div>\n\t\t\t\t<div class=\"elementor-element elementor-element-6254f59 elementor-widget elementor-widget-text-editor\" data-id=\"6254f59\" data-element_type=\"widget\" data-e-type=\"widget\" data-widget_type=\"text-editor.default\">\n\t\t\t\t<div class=\"elementor-widget-container\">\n\t\t\t\t\t\t\t\t\t<p id=\"h.p_nFq1JdEQKlb2\" class=\"zfr3Q\">Para poder acceder a los servicios que brinda el\u00a0<a class=\"dhtgD aw5Odc\" href=\"http:\/\/www.google.com\/url?q=http%3A%2F%2Fwww.saime.gob.ve%2F&amp;sa=D&amp;sntz=1&amp;usg=AFQjCNFSF0oEUH7mRv7ePPyPKxNncIfEpA\" target=\"_blank\" rel=\"noopener\">portal web del SAIME<\/a>, usted debe registrarse previamente. Para ello, debe ingresar los datos que se solicitan y una vez comprobada la validez de la informaci\u00f3n, se le enviar\u00e1 su clave de acceso al sitio para utilizar el servicio de solicitud de pasaportes.<\/p>\n<p id=\"h.p_B5QNxW1CKlz5\" class=\"zfr3Q\"><strong>Los usuarios solo se pueden registrar una vez<\/strong>. Las condiciones para registrarse implican que usted debe ser un ciudadano\u00a0<strong>cedulado\u00a0<\/strong>y\u00a0<strong>poseer una direcci\u00f3n de correo electr\u00f3nico<\/strong>. Si a\u00fan no cuenta con direcci\u00f3n de correo, acceda a un servidor de Internet que brinde este servicio y reg\u00edstrese en la p\u00e1gina (le recomendamos no utilizar un correo electr\u00f3nico bajo el dominio de HOTMAIL, OUTLOOK, LIVE o MSN, pues tienden a rechazar los correos emitidos por el SAIME). Debe suministrar adem\u00e1s, un\u00a0<strong>n\u00famero de tel\u00e9fono v\u00e1lido en Venezuela<\/strong>\u00a0(si no posee uno, puede colocar el tel\u00e9fono de un familiar o amigo), que ser\u00e1 utilizado para comunicarse con usted ante cualquier dificultad.<\/p>\n<p id=\"h.p_clApDtNpKlz5\" class=\"zfr3Q\">En el caso de menores de 18 a\u00f1os de edad\u00a0<strong>NO SE REGISTRA<\/strong>\u00a0la solicitud. Solo el padre, la madre o un representante legal pueden efectuar la solicitud de su pasaporte utilizando para ello su usuario registrado en el SAIME.<\/p>\n<p id=\"h.p_3CncmUE0Klz6\" class=\"zfr3Q\">Para registrarse en el SAIME, debe seguir los siguientes pasos:<\/p>\n<p id=\"h.p_YPJoGgw8Klz6\" class=\"zfr3Q\"><strong>1.-<\/strong> Entrar en el portal web: <a class=\"dhtgD aw5Odc\" href=\"https:\/\/www.google.com\/url?q=https%3A%2F%2Ftramites.saime.gob.ve%2F&amp;sa=D&amp;sntz=1&amp;usg=AFQjCNETCR9UyBBnhay5PY7swctvUu2OCg\" target=\"_blank\" rel=\"noopener\">https:\/\/tramites.saime.gob.ve\/<\/a><\/p>\n<p id=\"h.p_UALPcXHZKlz6\" class=\"zfr3Q\"><strong>2.-<\/strong> Elegir la opci\u00f3n \u00ab<strong>Registro de Usuario<\/strong>\u00ab.<\/p>\n<p id=\"h.p_X6Z2kLqcKlz8\" class=\"zfr3Q\"><strong>3.-<\/strong>\u00a0El sistema le mostrar\u00e1 una pantalla con informaci\u00f3n sobre los t\u00e9rminos y condiciones generales para registrarse en el SAIME; una vez le\u00edda, presione el bot\u00f3n &lt;<strong>SIGUIENTE<\/strong>&gt;.<\/p>\n<p id=\"h.p_IKnfhkYeKlz8\" class=\"zfr3Q\"><strong>4.-<\/strong>\u00a0Posteriormente, debe ingresar sus datos en el siguiente formulario. Recuerde que debe colocar un correo electr\u00f3nico que\u00a0<strong>no<\/strong>\u00a0sea del dominio HOTMAIL, OUTLOOK, LIVE o MSN, y colocar un tel\u00e9fono v\u00e1lido en Venezuela.<\/p>\n<p id=\"h.p_ZvMo-zX3Klz-\" class=\"zfr3Q\">Es importante seleccionar las tres (3) preguntas de seguridad y apuntar en un lugar seguro las respuestas, tal como lo ha escrito (may\u00fasculas, min\u00fasculas, con acentos, sin acentos, etc.), pues estas preguntas le ser\u00e1n realizadas para llevar a cabo alg\u00fan tr\u00e1mite.<\/p>\n<p id=\"h.p_FZHQQu86Klz-\" class=\"zfr3Q\">Al finalizar, debe presionar el bot\u00f3n &lt;<strong>REGISTRAR<\/strong>&gt;.<\/p>\n<p id=\"h.p__ppFnTB9Klz_\" class=\"zfr3Q\"><strong>5.-<\/strong>\u00a0Una vez comprobada la validez de la informaci\u00f3n que ha suministrado, el sistema generar\u00e1 una clave de acceso que le ser\u00e1 enviada al correo electr\u00f3nico que ha suministrado, para utilizar el servicio de pasaportes.<\/p>\t\t\t\t\t\t\t\t<\/div>\n\t\t\t\t<\/div>\n\t\t\t\t<section class=\"elementor-section elementor-inner-section elementor-element elementor-element-ec2d52e elementor-section-boxed elementor-section-height-default elementor-section-height-default\" data-id=\"ec2d52e\" data-element_type=\"section\" data-e-type=\"section\">\n\t\t\t\t\t\t<div class=\"elementor-container elementor-column-gap-default\">\n\t\t\t\t\t<div class=\"elementor-column elementor-col-50 elementor-inner-column elementor-element elementor-element-6024391\" data-id=\"6024391\" data-element_type=\"column\" data-e-type=\"column\">\n\t\t\t<div class=\"elementor-widget-wrap elementor-element-populated\">\n\t\t\t\t\t\t<div class=\"elementor-element elementor-element-0d45b1a elementor-align-center elementor-widget elementor-widget-button\" data-id=\"0d45b1a\" data-element_type=\"widget\" data-e-type=\"widget\" data-widget_type=\"button.default\">\n\t\t\t\t<div class=\"elementor-widget-container\">\n\t\t\t\t\t\t\t\t\t<div class=\"elementor-button-wrapper\">\n\t\t\t\t\t<a class=\"elementor-button elementor-button-link elementor-size-sm\" href=\"https:\/\/consuladodevenezuelaenmadrid.com\/index.php\/contacto\/\">\n\t\t\t\t\t\t<span class=\"elementor-button-content-wrapper\">\n\t\t\t\t\t\t\t\t\t<span class=\"elementor-button-text\">Requiero m\u00e1s informaci\u00f3n<\/span>\n\t\t\t\t\t<\/span>\n\t\t\t\t\t<\/a>\n\t\t\t\t<\/div>\n\t\t\t\t\t\t\t\t<\/div>\n\t\t\t\t<\/div>\n\t\t\t\t\t<\/div>\n\t\t<\/div>\n\t\t\t\t<div class=\"elementor-column elementor-col-50 elementor-inner-column elementor-element elementor-element-049d327\" data-id=\"049d327\" data-element_type=\"column\" data-e-type=\"column\">\n\t\t\t<div class=\"elementor-widget-wrap elementor-element-populated\">\n\t\t\t\t\t\t<div class=\"elementor-element elementor-element-c7cff3b elementor-align-center elementor-widget elementor-widget-button\" data-id=\"c7cff3b\" data-element_type=\"widget\" data-e-type=\"widget\" data-widget_type=\"button.default\">\n\t\t\t\t<div class=\"elementor-widget-container\">\n\t\t\t\t\t\t\t\t\t<div class=\"elementor-button-wrapper\">\n\t\t\t\t\t<a class=\"elementor-button elementor-button-link elementor-size-sm\" href=\"https:\/\/consuladodevenezuelaenmadrid.com\/\">\n\t\t\t\t\t\t<span class=\"elementor-button-content-wrapper\">\n\t\t\t\t\t\t\t\t\t<span class=\"elementor-button-text\">Salir<\/span>\n\t\t\t\t\t<\/span>\n\t\t\t\t\t<\/a>\n\t\t\t\t<\/div>\n\t\t\t\t\t\t\t\t<\/div>\n\t\t\t\t<\/div>\n\t\t\t\t\t<\/div>\n\t\t<\/div>\n\t\t\t\t\t<\/div>\n\t\t<\/section>\n\t\t\t\t\t<\/div>\n\t\t<\/div>\n\t\t\t\t\t<\/div>\n\t\t<\/section>\n\t\t\t\t<\/div>\n\t\t","protected":false},"excerpt":{"rendered":"<p>REGISTRO SAIME Para poder acceder a los servicios que brinda el\u00a0portal web del SAIME, usted debe registrarse previamente. Para ello, debe ingresar los datos que se solicitan y una vez comprobada la validez de la informaci\u00f3n, se le enviar\u00e1 su clave de acceso al sitio para utilizar el servicio de solicitud de pasaportes. Los usuarios [&hellip;]<\/p>\n","protected":false},"author":1,"featured_media":0,"parent":0,"menu_order":0,"comment_status":"closed","ping_status":"closed","template":"elementor_header_footer","meta":{"site-sidebar-layout":"default","site-content-layout":"default","ast-site-content-layout":"default","site-content-style":"default","site-sidebar-style":"default","ast-global-header-display":"","ast-banner-title-visibility":"","ast-main-header-display":"","ast-hfb-above-header-display":"","ast-hfb-below-header-display":"","ast-hfb-mobile-header-display":"","site-post-title":"","ast-breadcrumbs-content":"","ast-featured-img":"","footer-sml-layout":"","ast-disable-related-posts":"","theme-transparent-header-meta":"default","adv-header-id-meta":"","stick-header-meta":"","header-above-stick-meta":"","header-main-stick-meta":"","header-below-stick-meta":"","astra-migrate-meta-layouts":"default","ast-page-background-enabled":"default","ast-page-background-meta":{"desktop":{"background-color":"var(--ast-global-color-4)","background-image":"","background-repeat":"repeat","background-position":"center center","background-size":"auto","background-attachment":"scroll","background-type":"","background-media":"","overlay-type":"","overlay-color":"","overlay-opacity":"","overlay-gradient":""},"tablet":{"background-color":"","background-image":"","background-repeat":"repeat","background-position":"center center","background-size":"auto","background-attachment":"scroll","background-type":"","background-media":"","overlay-type":"","overlay-color":"","overlay-opacity":"","overlay-gradient":""},"mobile":{"background-color":"","background-image":"","background-repeat":"repeat","background-position":"center center","background-size":"auto","background-attachment":"scroll","background-type":"","background-media":"","overlay-type":"","overlay-color":"","overlay-opacity":"","overlay-gradient":""}},"ast-content-background-meta":{"desktop":{"background-color":"var(--ast-global-color-5)","background-image":"","background-repeat":"repeat","background-position":"center center","background-size":"auto","background-attachment":"scroll","background-type":"","background-media":"","overlay-type":"","overlay-color":"","overlay-opacity":"","overlay-gradient":""},"tablet":{"background-color":"var(--ast-global-color-5)","background-image":"","background-repeat":"repeat","background-position":"center center","background-size":"auto","background-attachment":"scroll","background-type":"","background-media":"","overlay-type":"","overlay-color":"","overlay-opacity":"","overlay-gradient":""},"mobile":{"background-color":"var(--ast-global-color-5)","background-image":"","background-repeat":"repeat","background-position":"center center","background-size":"auto","background-attachment":"scroll","background-type":"","background-media":"","overlay-type":"","overlay-color":"","overlay-opacity":"","overlay-gradient":""}},"footnotes":""},"class_list":["post-658","page","type-page","status-publish","hentry"],"_links":{"self":[{"href":"https:\/\/consuladodevenezuelaenmadrid.com\/index.php\/wp-json\/wp\/v2\/pages\/658","targetHints":{"allow":["GET"]}}],"collection":[{"href":"https:\/\/consuladodevenezuelaenmadrid.com\/index.php\/wp-json\/wp\/v2\/pages"}],"about":[{"href":"https:\/\/consuladodevenezuelaenmadrid.com\/index.php\/wp-json\/wp\/v2\/types\/page"}],"author":[{"embeddable":true,"href":"https:\/\/consuladodevenezuelaenmadrid.com\/index.php\/wp-json\/wp\/v2\/users\/1"}],"replies":[{"embeddable":true,"href":"https:\/\/consuladodevenezuelaenmadrid.com\/index.php\/wp-json\/wp\/v2\/comments?post=658"}],"version-history":[{"count":9,"href":"https:\/\/consuladodevenezuelaenmadrid.com\/index.php\/wp-json\/wp\/v2\/pages\/658\/revisions"}],"predecessor-version":[{"id":2016,"href":"https:\/\/consuladodevenezuelaenmadrid.com\/index.php\/wp-json\/wp\/v2\/pages\/658\/revisions\/2016"}],"wp:attachment":[{"href":"https:\/\/consuladodevenezuelaenmadrid.com\/index.php\/wp-json\/wp\/v2\/media?parent=658"}],"curies":[{"name":"wp","href":"https:\/\/api.w.org\/{rel}","templated":true}]}}