{"id":1500,"date":"2020-06-11T21:54:18","date_gmt":"2020-06-11T21:54:18","guid":{"rendered":"http:\/\/consuladodevenezuelaenmadrid.net\/?page_id=1500"},"modified":"2025-04-29T08:49:05","modified_gmt":"2025-04-29T08:49:05","slug":"certificado-de-datos-2","status":"publish","type":"page","link":"https:\/\/consuladodevenezuelaenmadrid.com\/index.php\/certificado-de-datos-2\/","title":{"rendered":"CERTIFICADO DE DATOS"},"content":{"rendered":"\t\t<div data-elementor-type=\"wp-page\" data-elementor-id=\"1500\" class=\"elementor elementor-1500\">\n\t\t\t\t\t\t<section class=\"elementor-section elementor-top-section elementor-element elementor-element-16b810de elementor-section-boxed elementor-section-height-default elementor-section-height-default\" data-id=\"16b810de\" data-element_type=\"section\" data-e-type=\"section\">\n\t\t\t\t\t\t<div class=\"elementor-container elementor-column-gap-default\">\n\t\t\t\t\t<div class=\"elementor-column elementor-col-100 elementor-top-column elementor-element elementor-element-2c03134\" data-id=\"2c03134\" data-element_type=\"column\" data-e-type=\"column\">\n\t\t\t<div class=\"elementor-widget-wrap elementor-element-populated\">\n\t\t\t\t\t\t<div class=\"elementor-element elementor-element-2d64c12 elementor-widget elementor-widget-spacer\" data-id=\"2d64c12\" data-element_type=\"widget\" data-e-type=\"widget\" data-widget_type=\"spacer.default\">\n\t\t\t\t<div class=\"elementor-widget-container\">\n\t\t\t\t\t\t\t<div class=\"elementor-spacer\">\n\t\t\t<div class=\"elementor-spacer-inner\"><\/div>\n\t\t<\/div>\n\t\t\t\t\t\t<\/div>\n\t\t\t\t<\/div>\n\t\t\t\t<div class=\"elementor-element elementor-element-315f599 elementor-widget elementor-widget-heading\" data-id=\"315f599\" data-element_type=\"widget\" data-e-type=\"widget\" data-widget_type=\"heading.default\">\n\t\t\t\t<div class=\"elementor-widget-container\">\n\t\t\t\t\t<h2 class=\"elementor-heading-title elementor-size-default\">CERTIFICADO DE DATOS<\/h2>\t\t\t\t<\/div>\n\t\t\t\t<\/div>\n\t\t\t\t<div class=\"elementor-element elementor-element-f957c5c elementor-widget elementor-widget-spacer\" data-id=\"f957c5c\" data-element_type=\"widget\" data-e-type=\"widget\" data-widget_type=\"spacer.default\">\n\t\t\t\t<div class=\"elementor-widget-container\">\n\t\t\t\t\t\t\t<div class=\"elementor-spacer\">\n\t\t\t<div class=\"elementor-spacer-inner\"><\/div>\n\t\t<\/div>\n\t\t\t\t\t\t<\/div>\n\t\t\t\t<\/div>\n\t\t\t\t<div class=\"elementor-element elementor-element-83c4caa elementor-widget elementor-widget-text-editor\" data-id=\"83c4caa\" data-element_type=\"widget\" data-e-type=\"widget\" data-widget_type=\"text-editor.default\">\n\t\t\t\t<div class=\"elementor-widget-container\">\n\t\t\t\t\t\t\t\t\t<div class=\"mYVXT\">\n<div class=\"LS81yb VICjCf\" tabindex=\"-1\">\n<div class=\"hJDwNd-AhqUyc-uQSCkd purZT-AhqUyc-II5mzb pSzOP-AhqUyc-qWD73c JNdkSc\">\n<div class=\"JNdkSc-SmKAyb\">\n<div class=\"\">\n<div class=\"oKdM2c Kzv0Me\">\n<div id=\"h.p_q3vIkdwoDpzX\" class=\"hJDwNd-AhqUyc-uQSCkd jXK9ad D2fZ2 OjCsFc wHaque GNzUNc\">\n<div class=\"jXK9ad-SmKAyb\">\n<div class=\"tyJCtd mGzaTb baZpAe\">\n<p id=\"h.p_tPccvSBnDpzY\" class=\"zfr3Q\">Mediante este documento, la Misi\u00f3n Consular confirma la concordancia de identidad por diferencias de datos entre <strong>documentos p\u00fablicos venezolanos,<\/strong> como c\u00e9dula de identidad o pasaporte. Tal es el caso de divergencias en cuanto al lugar de nacimiento, apellidos de casada y soltera, etc\u00e9tera.<\/p>\n<p id=\"h.p_gqL4fOvWDxA6\" class=\"zfr3Q\">Este tr\u00e1mite se hace <strong>EXCLUSIVAMENTE POR CORREO POSTAL<\/strong>. Para ello, el interesado debe residir en cualquier Comunidad Aut\u00f3noma de la <a class=\"dhtgD aw5Odc\" href=\"http:\/\/consuladodevenezuelaenmadrid.net\/index.php\/circunscripcion\/\">circunscripci\u00f3n de esta Misi\u00f3n Consular<\/a> y remitir a nuestra direcci\u00f3n: <strong>Calle de Eloy Gonzalo 40 &#8211; 28010 Madrid<\/strong>, los siguientes recaudos:<\/p>\n<ul class=\"n8H08c UVNKR\">\n<li id=\"h.p_0eDXc9asDxA6\" class=\"TYR86d zfr3Q\">Carta explicativa donde solicita que le sean certificados los datos de inter\u00e9s.<\/li>\n<li id=\"h.p_IE64z1AEDxA7\" class=\"TYR86d zfr3Q\">Copia de los documentos venezolanos cuyos datos no concuerdan (P. E. Acta de nacimiento y pasaporte).<\/li>\n<li id=\"h.p_bpnqRtkpDxA7\" class=\"TYR86d zfr3Q\">Copia legible de la partida de nacimiento venezolana.<\/li>\n<li class=\"TYR86d zfr3Q\">En caso de haber nacido en el extranjero, copia de los datos filiatorios o certificado de nacionalidad, emitidos por el SAIME.<\/li>\n<li id=\"h.p_uzKwpZipDxA8\" class=\"TYR86d zfr3Q\">Copia de la <a href=\"https:\/\/consuladodevenezuelaenmadrid.net\/index.php\/registro-consular\/\">constancia de registro consular<\/a>. Si no est\u00e1 inscrito, debe presentar copia actualizada del padr\u00f3n municipal.\u00a0<\/li>\n<li id=\"h.p_uELphzNIDxA8\" class=\"TYR86d zfr3Q\">Un sobre, tama\u00f1o Din A4, con las estampillas o sellos postales necesarios para un env\u00edo de hasta 200 grs, donde debe escribir su direcci\u00f3n personal como destinatario. Ser\u00e1 utilizado por esta Misi\u00f3n Consular para remitirle el Certificado de Datos.<\/li>\n<li id=\"h.p_6aEJKBpZDxA8\" class=\"TYR86d zfr3Q\"><strong>Original del comprobante del dep\u00f3sito bancario <\/strong>de las tasas consulares correspondientes, las cuales ascienden a <strong>sesenta (60) euros<\/strong> (los Ni\u00f1os, Ni\u00f1as y Adolescentes est\u00e1n exentos de este pago).<\/li>\n<\/ul>\n<p style=\"padding-left: 40px;\"><span style=\"color: #339966;\"><strong>Datos Bancarios<\/strong><\/span><\/p>\n<ol>\n<li style=\"list-style-type: none;\">\n<ol>\n<li style=\"list-style-type: none;\">\n<ol>\n<li>N\u00famero de Cuenta IBAN: ES 91 <span id=\"m_-5216998628391573070m_-2570750614722718993m_-4149053195030952029m_3026935316067576694m_-6502227447420240971m_-387790959640215673m_-1145512335711064134m_6560810480132008281m_-3750973856087287829gmail-m_6117426027494658464m_-8822150145310046650OBJ_PREFIX_DWT10891_com_zimbra_phone\"><a href=\"callto:0081-7307-05\" target=\"_blank\" rel=\"noopener noreferrer noreferrer noreferrer noreferrer noreferrer noreferrer noreferrer noreferrer noreferrer noreferrer\">0081-7307-05<\/a><\/span>\u2013<span id=\"m_-5216998628391573070m_-2570750614722718993m_-4149053195030952029m_3026935316067576694m_-6502227447420240971m_-387790959640215673m_-1145512335711064134m_6560810480132008281m_-3750973856087287829gmail-m_6117426027494658464m_-8822150145310046650OBJ_PREFIX_DWT10892_com_zimbra_phone\"><a href=\"callto:0001577660\" target=\"_blank\" rel=\"noopener noreferrer noreferrer noreferrer noreferrer noreferrer noreferrer noreferrer noreferrer noreferrer noreferrer\">0001577660<\/a><\/span><\/li>\n<li>Banco: <span id=\"m_-5216998628391573070m_-2570750614722718993m_-4149053195030952029m_3026935316067576694m_-6502227447420240971m_-387790959640215673m_-1145512335711064134m_6560810480132008281m_-3750973856087287829gmail-m_6117426027494658464m_-8822150145310046650DWT10894\"><span id=\"m_-5216998628391573070m_-2570750614722718993m_-4149053195030952029m_3026935316067576694m_-6502227447420240971m_-387790959640215673m_-1145512335711064134m_6560810480132008281m_-3750973856087287829gmail-m_6117426027494658464m_-8822150145310046650DWT10896\"><span id=\"m_-5216998628391573070m_-2570750614722718993m_-4149053195030952029m_3026935316067576694m_-6502227447420240971m_-387790959640215673m_-1145512335711064134m_6560810480132008281m_-3750973856087287829gmail-m_6117426027494658464m_-8822150145310046650DWT247\"><span id=\"m_-5216998628391573070m_-2570750614722718993m_-4149053195030952029m_3026935316067576694m_-6502227447420240971m_-387790959640215673m_-1145512335711064134m_6560810480132008281m_-3750973856087287829gmail-m_6117426027494658464m_-8822150145310046650DWT8016\"><span id=\"m_-5216998628391573070m_-2570750614722718993m_-4149053195030952029m_3026935316067576694m_-6502227447420240971m_-387790959640215673m_-1145512335711064134m_6560810480132008281m_-3750973856087287829gmail-m_6117426027494658464m_-8822150145310046650DWT2617\"><span id=\"m_-5216998628391573070m_-2570750614722718993m_-4149053195030952029m_3026935316067576694DWT8300\"><span id=\"m_-5216998628391573070m_-2570750614722718993m_-4149053195030952029m_3026935316067576694DWT5060\">Sabadell<\/span><\/span><\/span><\/span><\/span><\/span><\/span><\/li>\n<li>Titular: Consulado General de la Rep\u00fablica Bolivariana de Venezuela.<\/li>\n<li>Incluir el nombre completo del interesado.<\/li>\n<\/ol>\n<\/li>\n<\/ol>\n<\/li>\n<\/ol>\n<p id=\"h.p_qY8pnYwGDxA_\" class=\"zfr3Q\"><strong>TIEMPO DE ENTREGA<\/strong><\/p>\n<p id=\"h.p_8ZbuMkbzDxBA\" class=\"zfr3Q\">El tiempo de entrega de este tr\u00e1mite depende del volumen de solicitudes que se est\u00e9n procesando.\u00a0<\/p>\n<p id=\"h.p_iy0lrmJnDxBB\" class=\"zfr3Q\"><strong>OBSERVACI\u00d3N:<\/strong><\/p>\n<ul class=\"n8H08c UVNKR\">\n<li id=\"h.p_lZvC82yXDxBC\" class=\"TYR86d zfr3Q\">El Consulado no puede, bajo ninguna circunstancia, hacer devoluci\u00f3n de las tasas consulares. Por ello, si tiene dudas sobre los documentos que pueden ser contrastados, favor consultarnos a trav\u00e9s del correo electr\u00f3nico: <a class=\"dhtgD aw5Odc\" href=\"mailto:info@consuladodevenezuelaenmadrid.com\" target=\"_blank\" rel=\"noopener\">info@consuladodevenezuelaenmadrid.com<\/a><\/li>\n<\/ul>\n<\/div>\n<\/div>\n<\/div>\n<\/div>\n<\/div>\n<\/div>\n<\/div>\n<\/div>\n<\/div>\t\t\t\t\t\t\t\t<\/div>\n\t\t\t\t<\/div>\n\t\t\t\t<section class=\"elementor-section elementor-inner-section elementor-element elementor-element-db7b9f4 elementor-section-boxed elementor-section-height-default elementor-section-height-default\" data-id=\"db7b9f4\" data-element_type=\"section\" data-e-type=\"section\">\n\t\t\t\t\t\t<div class=\"elementor-container elementor-column-gap-default\">\n\t\t\t\t\t<div class=\"elementor-column elementor-col-50 elementor-inner-column elementor-element elementor-element-5597621\" data-id=\"5597621\" data-element_type=\"column\" data-e-type=\"column\">\n\t\t\t<div class=\"elementor-widget-wrap elementor-element-populated\">\n\t\t\t\t\t\t<div class=\"elementor-element elementor-element-6b3f9b6 elementor-align-center elementor-widget elementor-widget-button\" data-id=\"6b3f9b6\" data-element_type=\"widget\" data-e-type=\"widget\" data-widget_type=\"button.default\">\n\t\t\t\t<div class=\"elementor-widget-container\">\n\t\t\t\t\t\t\t\t\t<div class=\"elementor-button-wrapper\">\n\t\t\t\t\t<a class=\"elementor-button elementor-button-link elementor-size-sm\" href=\"http:\/\/consuladodevenezuelaenmadrid.net\/index.php\/certificados\/\">\n\t\t\t\t\t\t<span class=\"elementor-button-content-wrapper\">\n\t\t\t\t\t\t\t\t\t<span class=\"elementor-button-text\">Regresar<\/span>\n\t\t\t\t\t<\/span>\n\t\t\t\t\t<\/a>\n\t\t\t\t<\/div>\n\t\t\t\t\t\t\t\t<\/div>\n\t\t\t\t<\/div>\n\t\t\t\t\t<\/div>\n\t\t<\/div>\n\t\t\t\t<div class=\"elementor-column elementor-col-50 elementor-inner-column elementor-element elementor-element-8d612e0\" data-id=\"8d612e0\" data-element_type=\"column\" data-e-type=\"column\">\n\t\t\t<div class=\"elementor-widget-wrap elementor-element-populated\">\n\t\t\t\t\t\t<div class=\"elementor-element elementor-element-51be8f6 elementor-align-center elementor-widget elementor-widget-button\" data-id=\"51be8f6\" data-element_type=\"widget\" data-e-type=\"widget\" data-widget_type=\"button.default\">\n\t\t\t\t<div class=\"elementor-widget-container\">\n\t\t\t\t\t\t\t\t\t<div class=\"elementor-button-wrapper\">\n\t\t\t\t\t<a class=\"elementor-button elementor-button-link elementor-size-sm\" href=\"http:\/\/consuladodevenezuelaenmadrid.net\/\">\n\t\t\t\t\t\t<span class=\"elementor-button-content-wrapper\">\n\t\t\t\t\t\t\t\t\t<span class=\"elementor-button-text\">Salir<\/span>\n\t\t\t\t\t<\/span>\n\t\t\t\t\t<\/a>\n\t\t\t\t<\/div>\n\t\t\t\t\t\t\t\t<\/div>\n\t\t\t\t<\/div>\n\t\t\t\t\t<\/div>\n\t\t<\/div>\n\t\t\t\t\t<\/div>\n\t\t<\/section>\n\t\t\t\t<div class=\"elementor-element elementor-element-9509e29 elementor-widget elementor-widget-text-editor\" data-id=\"9509e29\" data-element_type=\"widget\" data-e-type=\"widget\" data-widget_type=\"text-editor.default\">\n\t\t\t\t<div class=\"elementor-widget-container\">\n\t\t\t\t\t\t\t\t\t\n<div class=\"wp-block-themeisle-blocks-advanced-columns has-undefined-columns has-desktop-undefined-layout has-tablet-equal-layout has-mobile-equal-layout has-default-gap has-vertical-unset\" id=\"wp-block-themeisle-blocks-advanced-columns-b1654884\"><div class=\"wp-block-themeisle-blocks-advanced-columns-overlay\"><\/div><div class=\"innerblocks-wrap\"><\/div><\/div>\n\t\t\t\t\t\t\t\t<\/div>\n\t\t\t\t<\/div>\n\t\t\t\t\t<\/div>\n\t\t<\/div>\n\t\t\t\t\t<\/div>\n\t\t<\/section>\n\t\t\t\t<\/div>\n\t\t","protected":false},"excerpt":{"rendered":"<p>CERTIFICADO DE DATOS Mediante este documento, la Misi\u00f3n Consular confirma la concordancia de identidad por diferencias de datos entre documentos p\u00fablicos venezolanos, como c\u00e9dula de identidad o pasaporte. Tal es el caso de divergencias en cuanto al lugar de nacimiento, apellidos de casada y soltera, etc\u00e9tera. Este tr\u00e1mite se hace EXCLUSIVAMENTE POR CORREO POSTAL. Para [&hellip;]<\/p>\n","protected":false},"author":1,"featured_media":0,"parent":0,"menu_order":0,"comment_status":"closed","ping_status":"closed","template":"elementor_header_footer","meta":{"site-sidebar-layout":"default","site-content-layout":"default","ast-site-content-layout":"default","site-content-style":"default","site-sidebar-style":"default","ast-global-header-display":"","ast-banner-title-visibility":"","ast-main-header-display":"","ast-hfb-above-header-display":"","ast-hfb-below-header-display":"","ast-hfb-mobile-header-display":"","site-post-title":"","ast-breadcrumbs-content":"","ast-featured-img":"","footer-sml-layout":"","ast-disable-related-posts":"","theme-transparent-header-meta":"default","adv-header-id-meta":"","stick-header-meta":"","header-above-stick-meta":"","header-main-stick-meta":"","header-below-stick-meta":"","astra-migrate-meta-layouts":"default","ast-page-background-enabled":"default","ast-page-background-meta":{"desktop":{"background-color":"var(--ast-global-color-4)","background-image":"","background-repeat":"repeat","background-position":"center center","background-size":"auto","background-attachment":"scroll","background-type":"","background-media":"","overlay-type":"","overlay-color":"","overlay-opacity":"","overlay-gradient":""},"tablet":{"background-color":"","background-image":"","background-repeat":"repeat","background-position":"center center","background-size":"auto","background-attachment":"scroll","background-type":"","background-media":"","overlay-type":"","overlay-color":"","overlay-opacity":"","overlay-gradient":""},"mobile":{"background-color":"","background-image":"","background-repeat":"repeat","background-position":"center center","background-size":"auto","background-attachment":"scroll","background-type":"","background-media":"","overlay-type":"","overlay-color":"","overlay-opacity":"","overlay-gradient":""}},"ast-content-background-meta":{"desktop":{"background-color":"var(--ast-global-color-5)","background-image":"","background-repeat":"repeat","background-position":"center center","background-size":"auto","background-attachment":"scroll","background-type":"","background-media":"","overlay-type":"","overlay-color":"","overlay-opacity":"","overlay-gradient":""},"tablet":{"background-color":"var(--ast-global-color-5)","background-image":"","background-repeat":"repeat","background-position":"center center","background-size":"auto","background-attachment":"scroll","background-type":"","background-media":"","overlay-type":"","overlay-color":"","overlay-opacity":"","overlay-gradient":""},"mobile":{"background-color":"var(--ast-global-color-5)","background-image":"","background-repeat":"repeat","background-position":"center center","background-size":"auto","background-attachment":"scroll","background-type":"","background-media":"","overlay-type":"","overlay-color":"","overlay-opacity":"","overlay-gradient":""}},"footnotes":""},"class_list":["post-1500","page","type-page","status-publish","hentry"],"_links":{"self":[{"href":"https:\/\/consuladodevenezuelaenmadrid.com\/index.php\/wp-json\/wp\/v2\/pages\/1500","targetHints":{"allow":["GET"]}}],"collection":[{"href":"https:\/\/consuladodevenezuelaenmadrid.com\/index.php\/wp-json\/wp\/v2\/pages"}],"about":[{"href":"https:\/\/consuladodevenezuelaenmadrid.com\/index.php\/wp-json\/wp\/v2\/types\/page"}],"author":[{"embeddable":true,"href":"https:\/\/consuladodevenezuelaenmadrid.com\/index.php\/wp-json\/wp\/v2\/users\/1"}],"replies":[{"embeddable":true,"href":"https:\/\/consuladodevenezuelaenmadrid.com\/index.php\/wp-json\/wp\/v2\/comments?post=1500"}],"version-history":[{"count":25,"href":"https:\/\/consuladodevenezuelaenmadrid.com\/index.php\/wp-json\/wp\/v2\/pages\/1500\/revisions"}],"predecessor-version":[{"id":4995,"href":"https:\/\/consuladodevenezuelaenmadrid.com\/index.php\/wp-json\/wp\/v2\/pages\/1500\/revisions\/4995"}],"wp:attachment":[{"href":"https:\/\/consuladodevenezuelaenmadrid.com\/index.php\/wp-json\/wp\/v2\/media?parent=1500"}],"curies":[{"name":"wp","href":"https:\/\/api.w.org\/{rel}","templated":true}]}}